ighest common divisor of g and 5886?
54
Let n(y) = 4*y - 25. Let o = 6 + 0. Let m be n(o). Let z be 3 + (m - 1) - -4. Calculate the greatest common divisor of 40 and z.
5
Let q(j) = 4*j**2 + 4*j. Let o be q(-4). Let c = 23476 + -23044. Calculate the greatest common factor of c and o.
48
Suppose -4*p = 4*q - 204, q - 3*p + 12 = 59. Suppose -q = -4*h - 2. Let b be (1 + 8)/(-3) - -135. Calculate the greatest common divisor of h and b.
12
Let o(f) = 4*f - 91. Let j be o(-9). Let d = -119 - j. Suppose -4*h + 4*n + 307 = 35, -5*h = 4*n - 304. Calculate the highest common factor of d and h.
8
Suppose -14823*v = -14824*v + 8. Suppose 4*u - 478 + 94 = 0. Calculate the greatest common divisor of u and v.
8
Suppose 4*o = -224*r + 229*r + 9645, 4*o = 6*r + 9650. Calculate the highest common divisor of o and 185.
185
Let f be 122/(-1) - (-1 - -2)*-3. Let z = f - -143. What is the highest common factor of 120 and z?
24
Let r be 1/((0 - -5)/10). Suppose 163 = r*o - 3*w, -3*w = -3*o - 8 + 251. What is the greatest common divisor of o and 280?
40
Suppose 22 + 0 = 11*o. Let t(r) = r**3 - 12*r**2 - 63*r + 828. Let w be t(11). What is the highest common divisor of w and o?
2
Let n = -1863 + 997. Let h = n - -992. Suppose 3*i = 2*z - z + 1, i - 61 = -4*z. Calculate the highest common factor of h and z.
14
Let r be 75/10 + (-15)/10. Suppose 0 = -r*u - 1 + 337. Suppose u = 89*z - 87*z. What is the highest common factor of 140 and z?
28
Suppose -224 = -5*b - 29. Let k be (-52)/(-6 - 10/(-2)). Calculate the highest common factor of k and b.
13
Let l be (-1421)/(-14)*(-5 - -25). What is the highest common factor of l and 140?
70
Suppose 2*i - 22 = -16, 4*i + 463 = 5*h. Calculate the greatest common factor of 589 and h.
19
Let n(g) be the first derivative of 28*g**3 - 5*g**2/2 + 2*g - 110. Let w be n(-1). What is the highest common divisor of w and 819?
91
Suppose 0 = -2*c - 0*c + 8, -3*g + 4*c + 434 = 0. Let l = -128 + g. Suppose -5*s = 4 - 14. What is the greatest common factor of s and l?
2
Suppose 10 = -2*f + 20. Suppose -l - 2*j + 10 = 0, -80 = -5*l + 6*j - 10*j. Calculate the highest common divisor of f and l.
5
Let p be (5305 + -1)*(4/(-1) + 8). Let x be p/286 + (-2)/11. Suppose -6*j = -4*j - x. What is the highest common divisor of j and 37?
37
Suppose -2*b + 8 = 0, 3*b - 57 = -4*o + o. Let w(l) = 18*l - 195. Let x be w(o). What is the greatest common divisor of 45 and x?
15
Suppose -3*a = -d + 649, 3*d - 190 - 13 = a. Let o = a + 221. Calculate the greatest common divisor of o and 102.
3
Suppose -5*a = -441 + 106. Suppose 5*k = 6*t - 8*t + 5350, 5340 = 5*k + 4*t. Calculate the highest common divisor of a and k.
67
Suppose 20*r + 40 = 30*r. Suppose -3*y - 146 = -3*h + 208, -r*y + 347 = 3*h. Calculate the greatest common factor of h and 156.
39
Let u = -138 - -16. Let w = u - -131. Let b(j) = j**3 - 10*j**2 + 11*j - 13. Let m be b(w). What is the highest common divisor of 5 and m?
5
Let k = 20 + -8. Suppose -b = 97 - 7. Let a = b + 126. What is the highest common factor of k and a?
12
Suppose -5*v - 396 = -y, 4*v + y + y + 328 = 0. Suppose 0 = 1136*r - 1156*r + 1280. Let k be (v/r)/(2/(-16)). What is the greatest common factor of k and 4?
2
Suppose -66*s - 206312 = -120*s - 94*s. What is the highest common factor of s and 246?
82
Let h(m) be the first derivative of 2*m**3/3 - 7*m**2/2 - 3*m + 45. Let f be h(11). Calculate the highest common factor of 18 and f.
18
Let c = -42 + 69. Suppose 4*o + 25 = -3*t, 7*t = -3*o + 2*t - c. Let u be (52 - (1 + o))/1. What is the highest common factor of 11 and u?
11
Let k = 3775 + -2367. Suppose -18*y + 50*y = k. What is the highest common divisor of y and 220?
44
Suppose -4*p = -5*d - 9 + 13, 4*d + 3*p = -3. Suppose d = 4*y + 3*b - 924 - 144, y - 256 = 2*b. Calculate the greatest common divisor of y and 66.
66
Let m be (10 - 4/(0 + -4)) + 0. Suppose 3*s = m*s - 312. Let g = -32 + s. What is the greatest common divisor of g and 28?
7
Let p(k) = 75*k**2 + 41*k + 6. Let w be p(-2). What is the highest common divisor of w and 322?
14
Let w(f) = -7*f**3 + 11*f**2 + 37*f + 1. Let n be w(-7). What is the highest common factor of 36 and n?
18
Suppose -443*u + 28118574 = 72*u + 16*u. Calculate the highest common factor of u and 22.
22
Let u(h) = -2*h**3 + 5*h**2 + 7*h - 2. Let p be u(3). Calculate the greatest common factor of p and 2410.
10
Let m(f) = -356*f + 201. Let y be m(-2). What is the greatest common divisor of 664 and y?
83
Let n = 1352 + -1272. What is the greatest common factor of n and 45?
5
Suppose 12421 + 16027 = 32*o. Calculate the greatest common divisor of o and 508.
127
Suppose -13*z + 74 - 22 = 0. Suppose 541 = z*q + 3*k, -3*q + 412 = -8*k + 4*k. Calculate the greatest common factor of 8 and q.
8
Suppose -3*j + 856 = 2*j - l, 4*l + 517 = 3*j. What is the highest common factor of 27 and j?
9
Suppose -n = -4*m - 39, -5*n + m + 98 = 17. Calculate the highest common divisor of 216 and n.
3
Let w = 12542 - 12150. Calculate the greatest common factor of w and 287.
7
Suppose 43*u = -69*u + 15680. Calculate the greatest common divisor of u and 5495.
35
Suppose -22*j + 16*j + 2064 = 0. Let d = j - 340. What is the greatest common factor of 28 and d?
4
Let o(y) = -51*y**2 + 971*y - 24. Let d be o(19). What is the highest common divisor of d and 287?
7
Let y = 5057 - 4971. Calculate the highest common divisor of y and 5246.
86
Suppose 2*v + 3*v - 3*j = 34, 3*j + 4 = -v. Let y(k) = -171*k + 85*k + 133*k - v. Let f be y(1). What is the highest common divisor of 28 and f?
14
Let h be 150/100*60/9. What is the highest common divisor of h and 985?
5
Let g = 3431 + -2313. What is the highest common factor of g and 78?
26
Let y = -109 - -344. Let t(o) = -11*o**2 + 107*o + 305. Let c be t(12). Calculate the greatest common divisor of c and y.
5
Suppose 21949*r - 1300 = 21924*r. What is the greatest common factor of 8320 and r?
52
Let r be 7/(-2) + (-1)/2. Let w be (-16)/1*r/2. Suppose 176 - 158 = 5*m + k, k + 2 = 0. What is the highest common divisor of w and m?
4
Let s = -10166 - -10174. Let i(t) = 103*t**2 - t. Let c be i(-1). Calculate the greatest common divisor of s and c.
8
Suppose s + 4*s - y = 702, -2*s + 2*y = -276. Suppose -5*a - 4 + 14 = -4*b, -b = a - 11. Suppose -a*f - 9 = -s. What is the highest common divisor of 66 and f?
22
Let n(f) = 2*f**2 + 53*f + 5. Let s be n(-25). Let d = -62 - s. What is the highest common divisor of d and 88?
8
Suppose 5*m = w + 6172, 0 = -3*m - 6*w + 2*w + 3671. Calculate the greatest common factor of m and 1096.
137
Suppose 2*o - 580 = -3*x, o - 137 = -3*x + 444. Calculate the greatest common factor of x and 54.
2
Let p = 5 - 5. Suppose p = f + 2*f - 24. Suppose -w = n - 0*w - 20, -2*n - 4*w + 40 = 0. What is the highest common divisor of f and n?
4
Let z = 36 + -21. Suppose -3*q + 12 = c, q = -4*q - z. Let m(i) = -340*i - 1693. Let p be m(-5). What is the highest common divisor of c and p?
7
Suppose 22*l - 3024 = -2760. Calculate the greatest common divisor of 3342 and l.
6
Let d be ((-48)/14)/(10/(6*1085)). Let i be (d/(-155))/((-2)/(-30)). What is the greatest common factor of 8 and i?
8
Let x be ((369/(-27) - 7) + 2)/(1/(-9)). What is the greatest common factor of x and 768?
24
Let v = -497 + 505. Let j be (v/6)/((-41)/(-1968)). Calculate the greatest common factor of 160 and j.
32
Let o = 82 + 142. Suppose 17*t + 19572 - 10153 = 11051. Calculate the greatest common divisor of o and t.
32
Let w be ((-16)/10)/(1/(-160)). Suppose 25*s + 69*s + 196*s = 18560. Calculate the highest common divisor of s and w.
64
Let a = 150 - 130. Suppose -54 = 17*o - a*o. Calculate the highest common divisor of o and 24.
6
Suppose 5*d - d = -5*b + 75, 0 = 5*b - d - 75. Let y = 0 - -2. Suppose -y*s + 11*s = 1215. Calculate the greatest common divisor of s and b.
15
Suppose 7 = i + 4*h + 3, -2 = -5*i - 2*h. Let z be (9 - i)/(-9*(-8)/648). Calculate the greatest common divisor of 18 and z.
9
Suppose -583 = 7*k - 415. Let m be 483 + (k/(-4))/6. Calculate the greatest common divisor of m and 44.
44
Let s be (-1140)/44 - 2/22. Let n = 34 - s. Calculate the greatest common divisor of n and 40.
20
Let s(q) = 20*q + 1476. Let d be s(-72). What is the greatest common factor of 84 and d?
12
Let f(i) = i + 7. Let u